 the units digit of o?
9
Suppose 4*q - 5 - 23 = 4*x, 70 = -5*x - 2*q. Let o = 45 + x. What is the units digit of o?
3
Let p = 0 + 4. Suppose -p*k + 32 = -0. What is the units digit of k?
8
Suppose -6*y + 30 = -11*y. Let w = y - -1. Let q = 4 - w. What is the units digit of q?
9
Let o = 6 + 3. Let p be 15*(-2 - (-24)/10). Let k = o - p. What is the units digit of k?
3
Let w(i) = 2*i**2 + 14*i + 7. What is the tens digit of w(-12)?
2
Suppose 30 = l + 2*l. Suppose -k + l = -0. Let c = -2 + k. What is the units digit of c?
8
Let i be 0/((-1 - -3)*1). Suppose -4*d = -4*j + 51 - 19, -21 = -2*j + 3*d. Suppose i = -j*r - 4*p - 2 - 8, 4 = -4*r - 3*p. What is the units digit of r?
2
Suppose -h = 4*h. Suppose h = -x - 4*j + 6, 3*j = 2*x - 3*x + 3. What is the units digit of ((0 - 2) + 1)*x?
6
Let o(g) = -g**3 - 20*g**2 - 20*g - 16. What is the units digit of o(-19)?
3
Suppose -4*z = 46 - 126. Suppose -3*o = -5*b - 40, o + 0*b - z = -5*b. What is the tens digit of o?
1
Let j = -33 + 76. What is the tens digit of j?
4
Suppose -3*v = -14 + 2. Suppose v*u - 12 = 44. What is the units digit of u?
4
Let r(t) = -t**2 - t - 3 - 5*t + 0*t**2. Let i be r(-6). What is the units digit of (1/(-1))/(i + 2)?
1
Suppose -3*a = -5*a + 8. Suppose -a*j + 37 = i + 2, 2*i - 4*j = 106. What is the tens digit of i?
4
Suppose 2*s + 19 + 1 = 0. Let h = s - -16. What is the units digit of h?
6
Let d(i) = -4*i**2 + 5*i + 6. Let g(r) = r**2 - 1. Let h(j) = -d(j) - 2*g(j). What is the tens digit of h(5)?
2
Let u(v) = -40*v - 7. What is the units digit of u(-3)?
3
Suppose -5*w = 4*i - 553, -3*w + 3*i - 2*i = -325. What is the units digit of w?
9
Suppose 4*q = 4*n - n - 7, -3*n + 5*q = -2. Let t = 2 - -1. Let s = n - t. What is the units digit of s?
6
Let u(s) = s**3 + s**2 - s - 17. Let g be u(0). Let x = 3 - g. What is the tens digit of x?
2
Suppose 2*x + j - 3*j = 52, j = 3*x - 86. Let r = x + -20. What is the tens digit of r?
1
Let t(n) = -n**2 - 16*n + 9. What is the tens digit of t(-13)?
4
Let y = 6 + -3. Suppose -y*s = -8*s + 10. What is the units digit of 14/s + -2 + 3?
8
Let f(k) be the third derivative of -7*k**4/12 + k**2. Let u(i) = i**2 + 14*i - 1. Let o be u(-14). What is the units digit of f(o)?
4
Let i be ((-10)/4)/((-2)/4). Suppose -4*h + 5*j = 32, -29 = 3*h - 0*h - 5*j. Let z = h + i. What is the units digit of z?
2
What is the units digit of ((-41)/(-7) + -3)*7?
0
Suppose j - 5*j + 5*p = -308, 2*j + p = 154. What is the tens digit of j?
7
Let r(l) = l**3 - 4*l**2 + 2*l - 6. Let s be r(4). What is the tens digit of (-1)/s*110/(-5)?
1
Suppose 5*j + 17 = -4*d, 3*d + 4*j + 19 = 5. What is the units digit of d?
2
What is the tens digit of 0/(0 - 2) - -164?
6
Let f(b) = b + 12. Let y be f(-9). Suppose 37 + 5 = y*a. What is the tens digit of a?
1
Let j(r) = -r**3 + 9*r**2 - 8*r - 6. Let l be (-26)/65 + (-37)/(-5). What is the tens digit of j(l)?
3
Suppose 3*p + 81 - 471 = 0. What is the units digit of p?
0
Let g(b) = -5*b**2 - 7*b + 5*b**3 + 5 + 2 - 4*b**3. What is the units digit of g(6)?
1
Let p = 44 + -26. Suppose p = -3*w + 123. What is the units digit of w?
5
Suppose -5*l + 159 = 5*t - 71, -5*t = 4*l - 186. What is the tens digit of l?
4
Let n = -6 + -24. Let t = 42 + n. What is the tens digit of t?
1
Suppose v + 19 = 4*k - 136, -41 = -k - 2*v. Suppose 5*g - 20 - 41 = j, -k = -3*g + 3*j. What is the tens digit of g?
1
Let y(w) = -w**2 + 2*w + 1. Let g(f) = f - 1. Let m(p) = 5*g(p) - y(p). What is the tens digit of m(5)?
3
Let v = -5 + 11. Suppose -5*f - 1 + v = 0. What is the units digit of f?
1
What is the units digit of -2 - (-1 + 2 + -100)?
7
Let o be -11*1 - (-3 - -2). Let x = o - -24. What is the units digit of x?
4
Let f(c) = c - 6. Let t be f(6). Suppose t = -5*s - p + 20, -s - 3*p + 5 = 1. What is the units digit of s?
4
Suppose 17 = 3*y - 5*a, -y - a + 4 = 1. Suppose -y*g = -g. What is the units digit of 1 + 9 + g + 1?
1
What is the units digit of (-153)/2*10/(-15)?
1
Suppose -4*r = -r - 39. Let u = r + -8. What is the units digit of u?
5
Suppose -f = -3*f - 5*c + 13, -4*f + 3*c + 13 = 0. What is the units digit of f?
4
Let f(k) = -4*k**2 - 1 + 0*k**2 - 2*k - k**3 + 3. Let x = -10 - -6. What is the tens digit of f(x)?
1
Let p(b) = -b**3 + 5*b**2 - 7. Let t be p(5). Let q = 2 - t. Suppose h + 2 = q. What is the units digit of h?
7
Let r be (1/2)/(3/18). Let t(h) = 6*h**2 - 2. Let o be t(-3). Suppose r*n + n = o. What is the tens digit of n?
1
Let w = -6 - -3. Let f = -15 - w. What is the tens digit of (38/(-8))/(3/f)?
1
Let g(y) = -y**2 - 5*y + 7. Let i be g(-5). Let s(l) = -l**3 + 8*l**2 - 6*l - 3. Let h be s(i). Suppose -j + 15 = h. What is the tens digit of j?
1
Let n be 2/(-5) + (-12)/(-5). Suppose -n*k + 3 = -3. Let w(t) = t + 3. What is the units digit of w(k)?
6
Let u(q) = -2*q - 4. Let b be u(-4). Suppose -b*v - 4*i = -2*i - 94, v - i = 28. What is the tens digit of v?
2
Let m = 391 - 20. What is the hundreds digit of m?
3
Let x be ((-12)/8)/((-2)/20). Suppose 0 = -4*m - 5*p - x, 2*m = -5*p + p - 12. Let g = 3 - m. What is the units digit of g?
3
Let j(w) = -w - 3. What is the units digit of j(-5)?
2
Suppose 5*g + 17 = -4*n, -19 = 2*n + 5*g + 2. Let a(k) = 5*k + k**3 - 3*k**2 - n*k**2 + 3*k**2 - 3*k**2. What is the units digit of a(4)?
4
Let d = -75 + 363. What is the tens digit of d?
8
Let a(j) = 4*j + 0*j**2 + j**2 + 5*j. Let b be a(-9). Suppose -3*q + b*q = -30. What is the tens digit of q?
1
Let a be 1 - (0 - (0 - -4)). Suppose -a*s = -3*s - 110. What is the tens digit of s?
5
Let u(y) = -44*y + 7. What is the tens digit of u(-1)?
5
Let k = -1 + 6. Suppose 3 = -4*f + k*f. Suppose f*z - 4 = -1. What is the units digit of z?
1
Suppose 5 = 5*o - 4*o + 4*a, -3*o + 3*a = 0. What is the units digit of o?
1
Let s(a) = a**2 - 5. Let y be s(-5). Let x = y + -7. What is the tens digit of x?
1
Let t(v) = v + 62. What is the units digit of t(0)?
2
Suppose -5*f = -4*b - 135 - 202, f = -4*b - 355. Let r = b - -130. What is the units digit of r?
2
What is the units digit of (-140)/(-4 - -2) - -1?
1
Let p(h) = h**2 - 2*h - 1. Let f = -2 - -1. Let v be p(f). What is the units digit of (1 + -2 + v)*3?
3
Suppose 5*g - g + 2*u - 12 = 0, 0 = 5*g + 2*u - 14. Suppose g*p - 3 - 3 = 0. What is the units digit of p?
3
Let d(w) = 2*w**2 + 4*w - 2. Let k be d(-5). Suppose -4*q + k = -60. What is the tens digit of q?
2
Let q(o) = 3*o**2 + 6*o - 4. Let z be q(4). Suppose -y - z = -3*y. What is the units digit of y?
4
Let k(r) = -r**2 - 3*r. Let o be k(-4). Let l = 0 - o. What is the units digit of ((-14)/4)/((-2)/l)?
7
Let i(s) = -1 - 18*s - 24*s + 1. Let v be i(-2). What is the units digit of v/49*(-14)/(-2)?
2
Suppose -5*k = o - 47, 6*o + k = 3*o + 141. What is the units digit of o?
7
Let x(v) = v - 5. Let o(t) be the first derivative of t - 2. Let l(r) = -o(r) - x(r). What is the units digit of l(2)?
2
Let c(l) = -2*l**3 + 8*l**2 + 8*l + 3. Let a(s) = s**3 - 1. Let j(g) = 3*a(g) + c(g). What is the tens digit of j(-6)?
2
Let v = 41 - -187. What is the hundreds digit of v?
2
Let y = 120 + -40. What is the units digit of y?
0
Let o(t) = -4*t - 1. Let c(b) = 12*b + 3. Let g(d) = -d**2 + 8*d + 10. Let r be g(7). Let j(k) = r*o(k) + 6*c(k). What is the tens digit of j(4)?
1
Let y(j) = -j + 9. Suppose -g - 28 = 4*d, -5*g + 21 = -3*d - g. What is the tens digit of y(d)?
1
Suppose 2*i + d = 85, 3*i + 15 = 4*i - 5*d. Let z be (2 - (-5)/(-2))*-6. Suppose z*b + b = i. What is the units digit of b?
0
Let q = -21 + 46. What is the tens digit of q?
2
Suppose -2*f - 54 = -2*g, g + 2*f = -g + 46. Let l be 10/g - (-86)/10. Suppose 4*u = -4*m - m + l, 3*u - 5*m + 2 = 0. What is the units digit of u?
1
Let j = 115 - 70. What is the tens digit of j?
4
Suppose 3*l + 28 = 7*l. Let v = l - 9. What is the units digit of (-6)/v - (-2)/1?
5
Suppose -f + 4 = -0. Suppose 4*c = 3*c + 2. Suppose f*x - 36 = -2*g - 2*g, 3*x + c*g - 27 = 0. What is the units digit of x?
9
What is the tens digit of 630/56 + 6/8?
1
Let u(k) = -3 + 1 - k**2 + 3 + 2*k + 0. Let l be u(7). Let f = -14 - l. What is the units digit of f?
0
Suppose 0 = -4*g - 8, 5*g + 81 = t - 6. What is the units digit of t?
7
What is the units digit of 8/3*(-210)/(-40)?
4
Suppose 0 = -5*p - l + 84, -3*p + 68 = -0*p + 5*l. What is the units dig